0*b - 10521. Calculate j(-9).
99
Let o(c) = -2085*c - 4185. Calculate o(-2).
-15
Let i(z) = 2020*z**2 + 18132*z - 427. Calculate i(-9).
5
Let g(t) = 524*t - 5612. Give g(10).
-372
Let t(c) = -c**3 - 70*c**2 + 82*c + 153. Determine t(-71).
-628
Let p(n) = -4*n**2 + 92*n - 345. Determine p(18).
15
Let x(t) = t**3 - 15*t**2 - 15574*t + 248935. Give x(16).
7
Let u(p) = -680*p - 3584. What is u(-5)?
-184
Let j(o) = -400238*o + 104862358. Give j(262).
2
Let h(w) = 3068*w + 43046. Give h(-14).
94
Let r(y) = -330*y**2 + 25751*y - 805. Calculate r(78).
53
Let l(f) = 2*f**3 + 3*f**2 - 4348*f - 13036. Determine l(-3).
-19
Let j(k) = -884*k - 22954. Calculate j(-26).
30
Let z(r) = -r**3 + 10*r**2 + 1142*r - 57. Give z(40).
-2377
Let y(n) = 4*n**3 + 31*n**2 + 22068*n + 176596. Give y(-8).
-12
Let p(f) = -69*f**2 + 1505*f + 265. Calculate p(22).
-21
Let f(r) = 12*r**2 - 789*r + 6093. What is f(9)?
-36
Let t(p) = -p**3 - 61*p**2 + 3300*p + 183900. Give t(-71).
10
Let i(v) = v**2 + 3533*v - 230196. Calculate i(64).
12
Let o(k) = k**3 - 36*k**2 - 104*k - 1355. What is o(40)?
885
Let r(b) = b**3 - 102*b**2 + 763*b - 66859. Determine r(101).
3
Let d(k) = 22*k**2 + 225*k + 1537. Determine d(-7).
1040
Let s(n) = 124*n**3 + 3*n**2 - 126*n + 123. What is s(1)?
124
Let g(u) = 2527*u - 20252. Give g(8).
-36
Let m(x) = -12*x**2 + 449*x - 86. Give m(38).
-352
Let t(y) = -101*y**2 - 1112*y - 41. What is t(-11)?
-30
Let s(x) = -2*x**3 + 101*x**2 - 1490*x + 11042. What is s(33)?
-13
Let g(p) = 2*p**2 + 4217*p - 80858. What is g(19)?
-13
Let d(q) = -852*q**2 + 218962*q + 491. Determine d(257).
-23
Let c(i) = -46*i**2 - 272*i - 24. Give c(-5).
186
Let x(v) = 259*v**2 + 9315*v + 115. Calculate x(-36).
439
Let v(l) = l**2 + 183*l - 1712. Determine v(10).
218
Let u(b) = 3*b**3 + 1142*b**2 - 831*b - 171463. Give u(-381).
-13
Let g(b) = b**3 + 26*b**2 + 4870*b + 105193. Give g(-22).
-11
Let t(j) = 18*j**3 + 8*j**2 + 173*j - 784. Determine t(4).
1188
Let y(i) = -38*i - 133. What is y(-5)?
57
Let s(f) = 16*f**2 + 276*f + 728. Calculate s(-14).
0
Let p(v) = -4*v**2 - 197703*v - 790806. Determine p(-4).
-58
Let t(o) = o**2 + 75*o + 854. Give t(-79).
1170
Let u(q) = -16*q**2 + 1899*q + 71378. What is u(-30)?
8
Let g(j) = -96*j**3 - 2587*j**2 + 125*j - 294. What is g(-27)?
-24
Let q(b) = -31*b**2 - 85*b - 1. Calculate q(-9).
-1747
Let n(u) = -4*u**3 + 32*u**2 - 132*u + 46. Calculate n(5).
-314
Let w(p) = -p**3 - 78*p**2 + 1525*p - 19527. Calculate w(-96).
-39
Let c(g) = -221405*g + 1328439. Calculate c(6).
9
Let h(x) = -x**3 - 154*x**2 - 4477*x + 927. What is h(-115)?
7
Let h(t) = t**2 + 97*t + 1530. What is h(-80)?
170
Let v(d) = 11*d**2 - 606*d + 8270. Give v(30).
-10
Let c(q) = 70*q**2 - 107*q + 2. Give c(-2).
496
Let d(a) = 26*a**3 + 233*a**2 - 196*a - 1686. Give d(-9).
-3
Let a(c) = c**2 - 37*c + 209. Calculate a(-16).
1057
Let w(v) = 4*v**3 + 47*v**2 + 23*v - 41. What is w(-11)?
69
Let b(c) = 1178*c + 199361. Give b(-169).
279
Let s(t) = 4*t**2 - 87*t - 1813. Give s(-15).
392
Let q(f) = -29*f**3 - 323*f**2 - 49*f - 28. Calculate q(-11).
27
Let t(m) = 13*m**2 - 181*m + 165. What is t(19)?
1419
Let d(m) = -19*m - 383. Determine d(-111).
1726
Let z(m) = -6*m**2 - 8236*m - 16448. Give z(-2).
0
Let c(q) = -q**2 + 427*q - 44710. What is c(184)?
2
Let r(x) = -4*x**3 - 352*x**2 + 75*x + 6627. Calculate r(-88).
27
Let o(a) = 27*a**2 - 32761*a - 53464. Determine o(1215).
-4
Let j(k) = -97*k**2 + 656*k - 11. Calculate j(5).
844
Let p(x) = -11*x**3 - 3*x**2 + 17*x + 60. Give p(-5).
1275
Let j(a) = -a**2 + 1602*a + 175637. Calculate j(-103).
22
Let p(u) = 2*u**3 + 313*u**2 + 465*u + 34. Give p(-155).
34
Let b(c) = -c**3 + 6*c**2 + 58*c - 56. Give b(10).
124
Let m(k) = -k**3 - 450*k**2 + 927*k + 10397. Determine m(-452).
1
Let t(x) = -3*x**2 - 123*x + 1364. Determine t(9).
14
Let h(y) = -377*y + 26888. Calculate h(71).
121
Let p(i) = -7324*i + 1428151. What is p(195)?
-29
Let x(n) = -n**3 - 72*n**2 - 11*n - 8. Calculate x(-72).
784
Let y(v) = -2*v**3 - 81*v**2 - 845*v - 1020. Calculate y(-23).
-100
Let n(h) = -17*h**2 + 18711*h - 12123. What is n(1100)?
-23
Let z(a) = 123*a - 4411. What is z(14)?
-2689
Let s(n) = 2013*n - 12000. Calculate s(6).
78
Let x(k) = -471*k - 145859. Calculate x(-311).
622
Let d(l) = l**3 - 42*l - 153. What is d(11)?
716
Let b(w) = 3*w**2 + 3168*w - 54794. Give b(17).
-71
Let r(v) = 508*v - 25403. What is r(50)?
-3
Let d(z) = 19640*z + 39378. Calculate d(-2).
98
Let n(l) = -l**3 - 375*l**2 + 6263*l + 2736. What is n(-391)?
-1
Let k(o) = o**3 - 23*o**2 - 134*o + 1507. Calculate k(25).
-593
Let w(r) = 15656*r + 15657. Calculate w(-1).
1
Let o(w) = -3093*w - 344361. Calculate o(-111).
-1038
Let l(t) = -83*t - 2215. Calculate l(-42).
1271
Let f(c) = 172964*c - 3113355. Determine f(18).
-3
Let d(g) = 2*g**2 - 1144*g - 13425. What is d(-12)?
591
Let z(l) = 2*l**2 - 1177*l - 2365. Determine z(-2).
-3
Let x(t) = 663107*t - 2652419. Calculate x(4).
9
Let s(k) = -74046*k - 2961839. Determine s(-40).
1
Let f(a) = 4*a**2 - 144*a + 411. Calculate f(23).
-785
Let w(h) = -1195*h + 17935. Give w(15).
10
Let j(z) = -437*z + 2627. Determine j(6).
5
Let p(n) = -n**3 - 3*n**2 + 9677*n + 86564. Determine p(-9).
-43
Let f(t) = t**2 + 19460*t - 194698. What is f(10)?
2
Let x(r) = -r**2 + 51*r - 695. What is x(21)?
-65
Let v(o) = -3934679*o - 19673382. Give v(-5).
13
Let u(m) = 56*m**2 + 469*m - 954. Calculate u(2).
208
Let m(k) = 1640*k - 32227. Determine m(18).
-2707
Let u(i) = 14952*i - 209282. Calculate u(14).
46
Let m(i) = -2*i**3 - 3*i**2 + 270*i + 2700. What is m(-10)?
1700
Let q(h) = -1053*h**2 - 4274*h - 284. Calculate q(-4).
-36
Let j(t) = 36*t**2 - 13*t + 106. Determine j(5).
941
Let w(d) = 6*d**3 - 403*d**2 + 802*d - 49222. Calculate w(67).
23
Let c(d) = 3*d**3 + 102*d**2 + 297*d - 44. Give c(-3).
-98
Let w(b) = -72*b**2 - 3233*b + 263. Calculate w(-45).
-52
Let c(q) = -q**3 - 4*q**2 + 866*q + 3884. What is c(30)?
-736
Let k(w) = -2*w**3 + 346*w**2 - 340*w - 393. Calculate k(172).
295
Let y(d) = -d**3 + 9*d**2 - 28*d - 317. What is y(8)?
-477
Let t(c) = 293*c**2 + 527120*c + 23383. What is t(-1799)?
-4
Let k(s) = -11*s**2 - 2257*s - 19811. What is k(-196)?
-15
Let p(s) = -579*s**2 + 520*s + 53. Give p(1).
-6
Let q(n) = -1364*n + 4086. What is q(3)?
-6
Let d(q) = q**2 - 29783*q - 268138. What is d(-9)?
-10
Let w(p) = -p**3 - 33*p**2 - 63*p - 1423. Calculate w(-32).
-431
Let r(q) = 5*q**2 - 2608*q - 156627. Determine r(576).
45
Let r(k) = 9*k**2 + 342*k - 335. Calculate r(-39).
16
Let j(i) = 15*i**2 - 21906*i - 638782. Calculate j(1489).
-1
Let o(a) = -4*a**2 + 4924*a + 469896. Determine o(1320).
-24
Let x(q) = 2*q**2 + 1716*q + 23615. Calculate x(-14).
-17
Let i(m) = 1038*m + 9382. Determine i(-9).
40
Let m(u) = -3*u**3 - 24*u**2 + 87*u + 656. Give m(-5).
-4
Let l(m) = 10832*m + 411633. Give l(-38).
17
Let h(o) = 2206*o**2 - 22053*o - 62. Give h(10).
8
Let v(w) = -w**3 - 977*w**2 - 13480*w + 29. What is v(-14)?
1
Let n(f) = -123*f**2 - 9921*f - 6476. Give n(-80).
4
Let k(y) = y**3 + 98*y**2 + 100*y - 404. Determine k(-97).
-695
Let g(t) = -t**2 + 4087*t + 45086. What is g(-11)?
8
Let n(d) = -3651*d + 39779. Determine n(11).
-382
Let t(o) = -3*o**3 + 205*o**2 + 5838*o - 62. Determine t(90).
-1142
Let u(s) = -s**3 + 33*s**2 + 542*s + 2569. Give u(46).
-7
Let n(u) = 5754*u + 5765. Determine n(-1).
11
Let h(i) = 14*i**3 - 350*i**2 - 34*i + 1040. Calculate h(25).
190
Let y(g) = -2*g**2 - 115*g + 43456. Give y(-179).
-41
Let t(o) = 6*o**3 + 31*o**2 - 48*o - 24. What is t(2)?
52
Let b(j) = 5*j**2 - 4865*j - 359481. Determine b(1042).
9
Let f(k) = -k**2 + 9376*k + 56321. Give f(-6).
29
Let l(p) = 17*p**2 - 357*p - 23297. Calculate l(-28).
27
Let v(r) = -3*r**3 + 87*r**2 + 31*r - 1045. Give v(29).
-146
Let i(r) = r**3 - 771*r**2 + 5352*r - 2828. What is i(764)?
228
Let n(r) = 56229*r - 7478476. What is n(133)?
-19
Let o(m) = -1829*m**2 + 653*m - 652. Calculate o(1).
-1828
Let v(p) = -p**2 + 1910*p - 116308. What is v(63)?
53
Let k(b) = -288*b - 9096. Give k(-25).
-1896
Let g(c) = 38*c**3 - 604*c**2 - 68*c + 65. What is g(16)?
1
Let f(n) = -n**3 - 4*n**2 + 347*n + 1387. Give f(-4).
-1
Let x(p) = 2*p**2 + 233*p + 7625. What is x(-45)?
1190
Let i(o) = 65363*o + 1568705. Give i(-24).
-7
Le